Let r(p) = s(p) + v(p). What is the tens digit of r(8)?
7
Let k(f) = 66*f**2 - 12*f + 49. What is the tens digit of k(-13)?
5
Let s(l) = l**3 - 6*l**2 - 5*l - 15. Suppose 0 = 2*p - 6 - 12. Let o be s(p). Let j = o + -18. What is the units digit of j?
5
Suppose 0 = 51*p + 205*p - 585472. What is the thousands digit of p?
2
Let z(m) = 2*m**2 - 6*m. Let v be (16/8)/(1/2 + 0). Let i be z(v). Suppose -803 = -i*a + 3*a - 4*b, 165 = a + 3*b. What is the tens digit of a?
5
Let w(h) be the second derivative of -h**5/20 - 7*h**4/6 + 7*h**3/3 - 71*h**2/2 + 4*h - 21. What is the hundreds digit of w(-18)?
9
Let u(k) = -k**3 - 76*k + 1248. What is the tens digit of u(0)?
4
What is the units digit of 108/189 + (-25)/7 - -14302?
9
Let u(a) = -a**3 - 14*a**2 - 22*a - 41. Let i be u(-13). Let k = i + -73. Suppose p - 5*n = 49, 5*p - 7 = k*n + 194. What is the units digit of p?
9
Suppose 0 = -r - 2*j + 62 + 58, 0 = -2*j - 6. Let a be (2 - r/4)/(1/(-8)). What is the hundreds digit of (-3 - -3)/3 + a?
2
Let g(m) = m**2 - 18*m + 90. Let f be g(11). Let j(z) = 16*z + 86. What is the tens digit of j(f)?
9
Let u(a) = -a**2 - 10*a - 18. Let k be u(-4). Suppose 0 = k*y - 233 - 313. What is the tens digit of y?
9
Let n(m) = -m**2 + 13*m + 9. Let z(k) = -3*k**2 + 39*k + 26. Let a(u) = -8*n(u) + 3*z(u). Let v be a(14). What is the tens digit of (-258)/v + (-12)/(-16)?
3
Let s = 462 + -430. Suppose 2661 = 2*q + s*j - 37*j, -2*j - 3997 = -3*q. What is the thousands digit of q?
1
Suppose -5663*u + 5672*u - 98325 = 0. What is the units digit of u?
5
Suppose 54 = -3*p + 138. Suppose -p*g + 9408 = -12*g. What is the units digit of g?
8
Suppose -1 - 34 = -7*w. Suppose -a + 4 = j, 25 + 30 = w*a - 2*j. Suppose -a*g = -7*g - 224. What is the units digit of g?
2
Let v = 30166 - 17812. Suppose 5*t + 7400 = 6*h - 3*h, -2*t = 5*h - v. What is the hundreds digit of (-12)/54 + 1/(18/h)?
1
Suppose 2*b - 3*b = -5. Suppose -5*q - b = -35. What is the tens digit of (5 + (-33)/q)/(1/(-128))?
6
Suppose -23378 + 80353 = 4*d + 5*a, -2*d - 4*a = -28480. What is the thousands digit of d?
4
Let y(t) = -t**2 + 20*t - 32. Let s(q) = -q**2 - 8*q. Let z(f) = f**2 + 9*f + 9. Let h be z(-7). Let l be s(h). What is the units digit of y(l)?
3
Let n = 11840 + 2212. What is the thousands digit of n?
4
Let b(c) = -6*c**2 + 8*c**2 - 3*c - 4 - 4*c**2 + 0*c**2 - 11*c**3. Let t be b(-2). What is the tens digit of -2 - t*-1 - 0/7?
8
Suppose o + 5045 = u - 13456, 2*u + 4*o = 36978. What is the tens digit of u?
9
Let w(j) = -1 - 27 - 21*j + 134*j + 24*j. What is the hundreds digit of w(3)?
3
Let x(i) = 39*i - 64. Let t be x(32). Suppose -3*f - 9*y = -4*y - 1768, 0 = 2*f - 2*y - t. What is the tens digit of f?
9
Suppose -4*j = 5*w - 133971, -4*j + 4*w + 134034 = 2*w. What is the units digit of j?
4
Let n = 242 + -350. Let r = 115 + n. Suppose 0 = r*o + 5*o - 1800. What is the units digit of o?
0
Let j(n) = -4*n - 32. Suppose 0 = -2*t + 3*b - 61, -5*t + t = -3*b + 137. What is the units digit of j(t)?
0
What is the tens digit of 941664/34 + (-2 + 5)/(-3)?
9
Let a = 197 - 185. Suppose -a*h + 209 = -235. What is the tens digit of h?
3
Let m(x) = 26*x**3 - 3*x**2 + 18*x - 17. Let i be m(7). Suppose -32*r = -24*r - i. What is the hundreds digit of r?
1
Let l = -82 - -87. Suppose z = -5, 3*z + l = 5*u + z. What is the hundreds digit of (-12)/(u + 4) - -195?
1
Let y = 16 - 23. Let o be 7/1*(-2)/y. Suppose -o*n = -4*h - 138, 0 = 2*n + h - 86 - 42. What is the units digit of n?
5
Let p(s) = -124*s + 87. Let i = -255 - -251. What is the hundreds digit of p(i)?
5
Suppose 5*w - x - 33176 = 0, 3*w - 6640 = 2*w - x. What is the tens digit of w?
3
What is the tens digit of (-1 - (-182)/10)/(46 - (-790951)/(-17195))?
6
What is the thousands digit of 418 - 412 - (-33863 + 0)?
3
Let j be (-4 + 1 + -320)*-1 + -1. Let n(p) = -j*p - 45 + p**2 + 322*p. What is the hundreds digit of n(-14)?
1
Let v(s) = -s**3 + 7*s**2 + 10. Let k be v(7). Suppose 3*q - 5*x = 10, -3*q + k = 2*q - 5*x. What is the units digit of -2 + -1 + (q - -92)?
9
Suppose -3*y = -32 + 23. Suppose 2*h = y*h + 3*s - 333, 4*h + 2*s = 1352. Suppose -4*d + h = 3*b, b = 3*d + 48 + 65. What is the hundreds digit of b?
1
Suppose 4*j + 24 = 2*v - v, 0 = 3*v + 4*j + 8. What is the hundreds digit of (797 + 5)*(10/v + -2)?
4
Suppose -7 - 1 = 4*m. Let c(d) = -5*d**2 + 5. Let a be c(m). What is the units digit of 2/5 - 1644/a?
0
Suppose -3*g = -o + 32488, -153*o + 149*o = -3*g - 129952. What is the thousands digit of o?
2
Let g = 328 + -361. Suppose -5*k = -t - 81, -3*t + 4*k - 463 = -176. Let n = g - t. What is the units digit of n?
8
Let p(j) = -j**3 - 19*j**2 - 9*j - 36. Let t be p(-19). Let q = -7 + t. What is the hundreds digit of q?
1
Let g = 3015 - -44779. What is the ten thousands digit of g?
4
Let i = 580 - -1741. What is the units digit of i?
1
Suppose 0 = 18*y - 14*y - 12. Suppose 0*c + y*h = -3*c - 252, 0 = -4*c - 3*h - 341. Let w = c - -166. What is the tens digit of w?
7
Let u(g) = -439*g + 124. What is the hundreds digit of u(-4)?
8
What is the thousands digit of (-579111)/155*(-20)/12?
6
Suppose 84*n + 20760 = 140113 + 103163. What is the tens digit of n?
4
Let v(h) = 7*h - 53. Let t be v(7). Let f(l) = -9*l - 3. Let g be f(t). Suppose g*k - 28*k - 220 = 0. What is the tens digit of k?
4
Let h(f) = 3 - 4 + 2 + f**2 - 7 - f. Let w be h(-2). Suppose 0*m - m - 5*k + 53 = w, -4*m + 257 = 5*k. What is the units digit of m?
8
Let y = -40 + 42. Let b(j) = 9*j - j**3 - 1 - y*j**3 - j**2 + 2*j**3 + 5*j**2. What is the tens digit of b(5)?
1
Let d(g) = 2607*g + 2739. What is the tens digit of d(4)?
6
Let f(d) = 6*d**2 - 2*d + 20. Let v be f(-6). Let s be 1544/2*(-4)/(-8). Let n = s - v. What is the hundreds digit of n?
1
Suppose 19039 + 168779 = 17*z - 226948. What is the hundreds digit of z?
3
Let h = 180 + 26. Suppose 0*j - 2*j = 4*b - 838, -b + 3*j = -h. What is the units digit of b?
9
Suppose 0 = 2*n - 40 - 136. Let t = n - -191. What is the hundreds digit of t?
2
Let x(t) = -22*t**2 - 2*t + 17. Let y be x(8). What is the hundreds digit of (-11)/(77/y) + 1 + -3?
1
Let c(f) = -70*f**2 - 23*f - 22. Let q(k) = -34*k**2 - 11*k - 11. Let y(d) = 2*c(d) - 5*q(d). What is the tens digit of y(-5)?
1
Suppose -28*l + 35*l - 6888 = 0. Suppose 2*k = -5*h + 975, 2*k - 2*h - 2*h = l. What is the units digit of k?
0
Let a = -269 - -263. Let c(o) = 8*o**2 + 12*o + 44. What is the units digit of c(a)?
0
Let s(h) = 5*h**2 + 26*h + 52. Let u(t) = 6*t**2 + 26*t + 53. Let v(c) = 7*s(c) - 6*u(c). What is the hundreds digit of v(9)?
1
Let z(l) = -16*l + 35. Let v(r) = 36*r + 70 - 86*r + 19*r. Let f(s) = 4*v(s) - 7*z(s). What is the hundreds digit of f(-22)?
2
Let x = -3911 - -1904. Let n = -1196 - x. What is the tens digit of n?
1
Suppose -3*l + 3*t = -24, 2*l + 0*t = -4*t + 22. Let s(c) = 6*c**2 - 13*c - 3. Let a be s(l). Suppose 3*i = -3*i + a. What is the tens digit of i?
6
Suppose 17*y = 39*y - 338044 + 76882. What is the ten thousands digit of y?
1
Let u = 62189 + -41964. What is the tens digit of u?
2
Let b = 2331 + 2152. What is the thousands digit of b?
4
Let v(l) = 125*l**2 - 42*l + 5. Let p be 16/(-40)*-5 + 2. What is the tens digit of v(p)?
3
Suppose -6*n + 0*n = 0. Let i(s) = s**3 + s**2 + 4. Let k be i(n). Suppose k*r + 86 = 298. What is the tens digit of r?
5
Let t(f) = f**3 + 104*f**2 + 291*f - 1014. What is the tens digit of t(-92)?
8
Let t(a) = 104*a**2 - 82*a - 148. What is the ten thousands digit of t(-12)?
1
Suppose 56*q + 5*b = 51*q + 123135, -3*b = 5*q - 123141. What is the thousands digit of q?
4
Let z = -1990 - -2237. What is the hundreds digit of z?
2
Suppose 0 = 3*x - 4*x - 10. Suppose 65*o + 180 = 220 - 170. What is the tens digit of -1 + o + (114 - x)?
2
Let h(a) = -8 - 2 - 3 - 3*a + 4. Let v(x) = x**2 - 7*x + 5. Let y be v(4). What is the units digit of h(y)?
2
Let i = 2 + 9. Suppose 17*o - i*o = 0. Suppose 30*y - 32*y + 212 = o. What is the tens digit of y?
0
Suppose 3*y = -3, 4*x = 3*y - 6*y - 31. Let j(s) = 4*s**2 + 8*s - 21. What is the hundreds digit of j(x)?
1
Let x(w) = 11*w**2 + 13*w**2 - 25*w**2 + 10. Let f be x(3). What is the units digit of (8 - f)/((-2)/(-4))?
4
Let k = 2182 + 2960. What is the thousands digit of k?
5
Suppose 440 = -4*n - 0*l + 5*l, 5*n -